, 5, 769
What are the prime factors of 4412?
2, 1103
List the prime factors of 31657.
31657
List the prime factors of 559.
13, 43
List the prime factors of 20204.
2, 5051
What are the prime factors of 6610?
2, 5, 661
List the prime factors of 1175.
5, 47
List the prime factors of 343.
7
What are the prime factors of 1692?
2, 3, 47
List the prime factors of 191.
191
What are the prime factors of 131?
131
List the prime factors of 1319.
1319
What are the prime factors of 33688?
2, 4211
List the prime factors of 1763.
41, 43
What are the prime factors of 32022?
2, 3, 593
What are the prime factors of 736?
2, 23
List the prime factors of 16008.
2, 3, 23, 29
What are the prime factors of 18686?
2, 9343
What are the prime factors of 12158?
2, 6079
What are the prime factors of 390?
2, 3, 5, 13
List the prime factors of 97130.
2, 5, 11, 883
List the prime factors of 6041.
7, 863
List the prime factors of 34287.
3, 11, 1039
List the prime factors of 5267.
23, 229
What are the prime factors of 6528?
2, 3, 17
What are the prime factors of 25128?
2, 3, 349
List the prime factors of 612.
2, 3, 17
List the prime factors of 20355.
3, 5, 23, 59
List the prime factors of 917.
7, 131
List the prime factors of 3846.
2, 3, 641
What are the prime factors of 3945?
3, 5, 263
List the prime factors of 10847.
10847
What are the prime factors of 1662?
2, 3, 277
List the prime factors of 22155.
3, 5, 7, 211
What are the prime factors of 194?
2, 97
List the prime factors of 2304.
2, 3
What are the prime factors of 749?
7, 107
List the prime factors of 1068.
2, 3, 89
What are the prime factors of 17910?
2, 3, 5, 199
What are the prime factors of 48160?
2, 5, 7, 43
List the prime factors of 9595.
5, 19, 101
What are the prime factors of 61398?
2, 3, 379
List the prime factors of 2745.
3, 5, 61
What are the prime factors of 1293?
3, 431
List the prime factors of 54135.
3, 5, 401
What are the prime factors of 33975?
3, 5, 151
List the prime factors of 6623.
37, 179
What are the prime factors of 1366?
2, 683
List the prime factors of 12173.
7, 37, 47
What are the prime factors of 111392?
2, 59
List the prime factors of 16102.
2, 83, 97
List the prime factors of 2453.
11, 223
List the prime factors of 13944.
2, 3, 7, 83
List the prime factors of 6463.
23, 281
List the prime factors of 32057.
32057
List the prime factors of 1912.
2, 239
What are the prime factors of 7164?
2, 3, 199
What are the prime factors of 64045?
5, 12809
What are the prime factors of 429?
3, 11, 13
What are the prime factors of 2028?
2, 3, 13
List the prime factors of 53680.
2, 5, 11, 61
List the prime factors of 697.
17, 41
What are the prime factors of 22110?
2, 3, 5, 11, 67
List the prime factors of 205662.
2, 3, 151, 227
List the prime factors of 479.
479
What are the prime factors of 34229?
13, 2633
What are the prime factors of 1744?
2, 109
List the prime factors of 6738.
2, 3, 1123
What are the prime factors of 11447?
11447
What are the prime factors of 18742?
2, 9371
What are the prime factors of 5860?
2, 5, 293
What are the prime factors of 485?
5, 97
List the prime factors of 4166.
2, 2083
List the prime factors of 624.
2, 3, 13
List the prime factors of 85111.
13, 6547
List the prime factors of 1421.
7, 29
List the prime factors of 27615.
3, 5, 7, 263
List the prime factors of 9170.
2, 5, 7, 131
What are the prime factors of 4815?
3, 5, 107
What are the prime factors of 568?
2, 71
List the prime factors of 2122.
2, 1061
What are the prime factors of 3895?
5, 19, 41
What are the prime factors of 1787?
1787
What are the prime factors of 245?
5, 7
List the prime factors of 280.
2, 5, 7
List the prime factors of 17.
17
List the prime factors of 28014.
2, 3, 7, 23, 29
What are the prime factors of 35?
5, 7
List the prime factors of 763.
7, 109
What are the prime factors of 5015?
5, 17, 59
List the prime factors of 420.
2, 3, 5, 7
What are the prime factors of 26408?
2, 3301
What are the prime factors of 4393?
23, 191
What are the prime factors of 14917?
7, 2131
What are the prime factors of 732?
2, 3, 61
What are the prime factors of 4492?
2, 1123
List the prime factors of 35502.
2, 3, 61, 97
List the prime factors of 35364.
2, 3, 7, 421
What are the prime factors of 11813?
11813
What are the prime factors of 114686?
2, 11, 13, 401
List the prime factors of 18442.
2, 9221
What are the prime factors of 4588?
2, 31, 37
List the prime factors of 87430.
2, 5, 7, 1249
What are the prime factors of 1573?
11, 13
What are the prime factors of 4554?
2, 3, 11, 23
List the prime factors of 685.
5, 137
What are the prime factors of 8055?
3, 5, 179
List the prime factors of 15375.
3, 5, 41
List the prime factors of 3833.
3833
What are the prime factors of 6568?
2, 821
List the prime factors of 12200.
2, 5, 61
What are the prime factors of 39512?
2, 11, 449
What are the prime factors of 7863?
3, 2621
What are the prime factors of 49184?
2, 29, 53
What are the prime factors of 21787?
21787
What are the prime factors of 3979?
23, 173
What are the prime factors of 21644?
2, 7, 773
What are the prime factors of 7213?
7213
List the prime factors of 18719.
18719
What are the prime factors of 54760?
2, 5, 37
List the prime factors of 3504.
2, 3, 73
List the prime factors of 7490.
2, 5, 7, 107
What are the prime factors of 4267?
17, 251
List the prime factors of 37592.
2, 37, 127
What are the prime factors of 79665?
3, 5, 47, 113
What are the prime factors of 37604?
2, 7, 17, 79
List the prime factors of 70307.
167, 421
List the prime factors of 18379.
18379
What are the prime factors of 3815?
5, 7, 109
What are the prime factors of 1977?
3, 659
What are the prime factors of 166212?
2, 3, 19
List the prime factors of 767.
13, 59
What are the prime factors of 24947?
13, 19, 101
List the prime factors of 527.
17, 31
List the prime factors of 12042.
2, 3, 223
List the prime factors of 10154.
2, 5077
List the prime factors of 14625.
3, 5, 13
What are the prime factors of 39409?
39409
List the prime factors of 1907.
1907
List the prime factors of 48169.
11, 29, 151
What are the prime factors of 1629?
3, 181
List the prime factors of 310.
2, 5, 31
What are the prime factors of 6069?
3, 7, 17
What are the prime factors of 1973?
1973
List the prime factors of 45929.
13, 3533
List the prime factors of 172.
2, 43
What are the prime factors of 1481?
1481
List the prime factors of 219.
3, 73
List the prime factors of 33556.
2, 8389
What are the prime factors of 850?
2, 5, 17
List the prime factors of 20460.
2, 3, 5, 11, 31
List the prime factors of 681.
3, 227
List the prime factors of 6029.
6029
What are the prime factors of 877?
877
What are the prime factors of 316?
2, 79
List the prime factors of 485.
5, 97
What are the prime factors of 49244?
2, 13, 947
What are the prime factors of 4959?
3, 19, 29
What are the prime factors of 2335?
5, 467
List the prime factors of 34280.
2, 5, 857
List the prime factors of 728.
2, 7, 13
What are the prime factors of 327?
3, 109
What are the prime factors of 13195?
5, 7, 13, 29
List the prime factors of 101056.
2, 1579
List the prime factors of 4375.
5, 7
List the prime factors of 127919.
11, 29, 401
List the prime factors of 4961.
11, 41
List the prime factors of 1111.
11, 101
What are the prime factors of 946?
2, 11, 43
List the prime factors of 2850.
2, 3, 5, 19
What are the prime factors of 12925?
5, 11, 47
List the prime factors of 49980.
2, 3, 5, 7, 17
What are the prime factors of 29120?
2, 5, 7, 13
What are the prime factors of 801?
3, 89
List the prime factors of 330.
2, 3, 5, 11
List the prime factors of 6356.
2, 7, 227
List the prime factors of 9347.
13, 719
List the prime factors of 24557.
13, 1889
What are the prime factors of 3150?
2, 3, 5, 7
What are the prime factors of 1342?
2, 11, 61
List the prime factors of 47681.
47681
What are the prime factors of 37786?
2, 7, 2699
List the prime factors of 13666.
2, 6833
List the prime factors of 759.
3, 11, 23
What are the prime factors of 2988?
2, 3, 83
List the prime factors of 30852.
2, 3, 857
What are the prime factors of 24732?
2, 3, 229
What are the prime factors of 889?
7, 127
List the prime factors of 5569.
5569
What are the prime factors of 108249?
3, 36083
What are the prime factors of 13882?
2, 11, 631
List the prime fa